{"id":109,"date":"2021-10-01T17:26:50","date_gmt":"2021-10-01T15:26:50","guid":{"rendered":"https:\/\/www.efg-oldesloe.de\/wordpress\/?page_id=109"},"modified":"2025-11-28T18:11:39","modified_gmt":"2025-11-28T17:11:39","slug":"monatsandacht","status":"publish","type":"page","link":"https:\/\/www.efg-oldesloe.de\/wordpress\/monatsandacht\/","title":{"rendered":"Beitr\u00e4ge"},"content":{"rendered":"\t\t<div data-elementor-type=\"wp-page\" data-elementor-id=\"109\" class=\"elementor elementor-109\">\n\t\t\t\t\t\t<section class=\"elementor-section elementor-top-section elementor-element elementor-element-261c44f3 elementor-hidden-mobile elementor-section-boxed elementor-section-height-default elementor-section-height-default exad-glass-effect-no exad-sticky-section-no\" data-id=\"261c44f3\" data-element_type=\"section\" data-e-type=\"section\" data-settings=\"{&quot;background_background&quot;:&quot;classic&quot;}\">\n\t\t\t\t\t\t<div class=\"elementor-container elementor-column-gap-default\">\n\t\t\t\t\t<div class=\"elementor-column elementor-col-100 elementor-top-column elementor-element elementor-element-4782b89d exad-glass-effect-no exad-sticky-section-no\" data-id=\"4782b89d\" data-element_type=\"column\" data-e-type=\"column\" data-settings=\"{&quot;background_background&quot;:&quot;classic&quot;}\">\n\t\t\t<div class=\"elementor-widget-wrap elementor-element-populated\">\n\t\t\t\t\t\t<div class=\"elementor-element elementor-element-5d9a89ca exad-sticky-section-no exad-glass-effect-no elementor-widget elementor-widget-spacer\" data-id=\"5d9a89ca\" data-element_type=\"widget\" data-e-type=\"widget\" data-widget_type=\"spacer.default\">\n\t\t\t\t<div class=\"elementor-widget-container\">\n\t\t\t\t\t\t\t<div class=\"elementor-spacer\">\n\t\t\t<div class=\"elementor-spacer-inner\"><\/div>\n\t\t<\/div>\n\t\t\t\t\t\t<\/div>\n\t\t\t\t<\/div>\n\t\t\t\t<div class=\"elementor-element elementor-element-2fb9c375 exad-sticky-section-no exad-glass-effect-no elementor-widget elementor-widget-heading\" data-id=\"2fb9c375\" data-element_type=\"widget\" data-e-type=\"widget\" data-widget_type=\"heading.default\">\n\t\t\t\t<div class=\"elementor-widget-container\">\n\t\t\t\t\t<h2 class=\"elementor-heading-title elementor-size-default\">Andachten<\/h2>\t\t\t\t<\/div>\n\t\t\t\t<\/div>\n\t\t\t\t<div class=\"elementor-element elementor-element-5d8c61eb exad-sticky-section-no exad-glass-effect-no elementor-widget elementor-widget-text-editor\" data-id=\"5d8c61eb\" data-element_type=\"widget\" data-e-type=\"widget\" data-widget_type=\"text-editor.default\">\n\t\t\t\t<div class=\"elementor-widget-container\">\n\t\t\t\t\t\t\t\t\t<p>Gott entdecken!<\/p>\t\t\t\t\t\t\t\t<\/div>\n\t\t\t\t<\/div>\n\t\t\t\t<div class=\"elementor-element elementor-element-52421b09 exad-sticky-section-no exad-glass-effect-no elementor-widget elementor-widget-spacer\" data-id=\"52421b09\" data-element_type=\"widget\" data-e-type=\"widget\" data-widget_type=\"spacer.default\">\n\t\t\t\t<div class=\"elementor-widget-container\">\n\t\t\t\t\t\t\t<div class=\"elementor-spacer\">\n\t\t\t<div class=\"elementor-spacer-inner\"><\/div>\n\t\t<\/div>\n\t\t\t\t\t\t<\/div>\n\t\t\t\t<\/div>\n\t\t\t\t\t<\/div>\n\t\t<\/div>\n\t\t\t\t\t<\/div>\n\t\t<\/section>\n\t\t\t\t<section class=\"elementor-section elementor-top-section elementor-element elementor-element-255bbee elementor-section-boxed elementor-section-height-default elementor-section-height-default exad-glass-effect-no exad-sticky-section-no\" data-id=\"255bbee\" data-element_type=\"section\" data-e-type=\"section\">\n\t\t\t\t\t\t<div class=\"elementor-container elementor-column-gap-default\">\n\t\t\t\t\t<div class=\"elementor-column elementor-col-100 elementor-top-column elementor-element elementor-element-7de58109 exad-glass-effect-no exad-sticky-section-no\" data-id=\"7de58109\" data-element_type=\"column\" data-e-type=\"column\">\n\t\t\t<div class=\"elementor-widget-wrap elementor-element-populated\">\n\t\t\t\t\t\t<div class=\"elementor-element elementor-element-6b19461 exad-sticky-section-no exad-glass-effect-no elementor-widget elementor-widget-spacer\" data-id=\"6b19461\" data-element_type=\"widget\" data-e-type=\"widget\" data-widget_type=\"spacer.default\">\n\t\t\t\t<div class=\"elementor-widget-container\">\n\t\t\t\t\t\t\t<div class=\"elementor-spacer\">\n\t\t\t<div class=\"elementor-spacer-inner\"><\/div>\n\t\t<\/div>\n\t\t\t\t\t\t<\/div>\n\t\t\t\t<\/div>\n\t\t\t\t\t<\/div>\n\t\t<\/div>\n\t\t\t\t\t<\/div>\n\t\t<\/section>\n\t\t\t\t<section class=\"elementor-section elementor-top-section elementor-element elementor-element-b2ba6f3 elementor-section-boxed elementor-section-height-default elementor-section-height-default exad-glass-effect-no exad-sticky-section-no\" data-id=\"b2ba6f3\" data-element_type=\"section\" data-e-type=\"section\">\n\t\t\t\t\t\t<div class=\"elementor-container elementor-column-gap-default\">\n\t\t\t\t\t<div class=\"elementor-column elementor-col-100 elementor-top-column elementor-element elementor-element-76ba2ad exad-glass-effect-no exad-sticky-section-no\" data-id=\"76ba2ad\" data-element_type=\"column\" data-e-type=\"column\">\n\t\t\t<div class=\"elementor-widget-wrap\">\n\t\t\t\t\t\t\t<\/div>\n\t\t<\/div>\n\t\t\t\t\t<\/div>\n\t\t<\/section>\n\t\t\t\t<section class=\"elementor-section elementor-top-section elementor-element elementor-element-d69c783 elementor-section-boxed elementor-section-height-default elementor-section-height-default exad-glass-effect-no exad-sticky-section-no\" data-id=\"d69c783\" data-element_type=\"section\" data-e-type=\"section\">\n\t\t\t\t\t\t<div class=\"elementor-container elementor-column-gap-default\">\n\t\t\t\t\t<div class=\"elementor-column elementor-col-100 elementor-top-column elementor-element elementor-element-77a3177 exad-glass-effect-no exad-sticky-section-no\" data-id=\"77a3177\" data-element_type=\"column\" data-e-type=\"column\">\n\t\t\t<div class=\"elementor-widget-wrap elementor-element-populated\">\n\t\t\t\t\t\t<div class=\"elementor-element elementor-element-a8d533b exad-sticky-section-no exad-glass-effect-no elementor-widget elementor-widget-spacer\" data-id=\"a8d533b\" data-element_type=\"widget\" data-e-type=\"widget\" data-widget_type=\"spacer.default\">\n\t\t\t\t<div class=\"elementor-widget-container\">\n\t\t\t\t\t\t\t<div class=\"elementor-spacer\">\n\t\t\t<div class=\"elementor-spacer-inner\"><\/div>\n\t\t<\/div>\n\t\t\t\t\t\t<\/div>\n\t\t\t\t<\/div>\n\t\t\t\t<div class=\"elementor-element elementor-element-34ba8ccb exad-sticky-section-no exad-glass-effect-no elementor-widget elementor-widget-exad-post-grid\" data-id=\"34ba8ccb\" data-element_type=\"widget\" data-e-type=\"widget\" data-widget_type=\"exad-post-grid.default\">\n\t\t\t\t<div class=\"elementor-widget-container\">\n\t\t\t\t\t\t\t\r\n\r\n\t\t<div class=\"exad-post-grid\">\r\n\t\t\t<div class=\"exad-row-wrapper\">\r\n\t\t\t\t\r\n<article class=\"exad-post-grid-three exad-col  \">\r\n    <div class=\"exad-post-grid-container image-position-left exad-post-grid-equal-height-\">\r\n                    <figure class=\"exad-post-grid-thumbnail\">\r\n                <a href=\"https:\/\/www.efg-oldesloe.de\/wordpress\/vom-umgang-mit-gott-und-dem-naechsten\/\">\r\n                    <img fetchpriority=\"high\" decoding=\"async\" width=\"300\" height=\"212\" src=\"https:\/\/www.efg-oldesloe.de\/wordpress\/wp-content\/uploads\/2025\/03\/Maerz25-300x212.png\" class=\"attachment-medium size-medium wp-post-image\" alt=\"\" \/>                <\/a>\r\n                \r\n                            <\/figure>\r\n        \t\t\r\n\t\t        <div class=\"exad-post-grid-body\">\r\n            \t\t\t\t\r\n\t\t\t\t\t\t\t\r\n                    <h3>\r\n\t\t\t\t\t\r\n\t\t\t\t\t\t\t\t\r\n                        <a href=\"https:\/\/www.efg-oldesloe.de\/wordpress\/vom-umgang-mit-gott-und-dem-naechsten\/\" class=\"exad-post-grid-title\">Vom Umgang mit Gott und dem N\u00e4chsten<\/a>\r\n\t\t\t\t\t\t\r\n\t\t\t\t\t\t\r\n                    <\/h3>\r\n\t\t\t\t\t\r\n\t\t\t\t\t\t\t\t\r\n                                <div class=\"exad-post-grid-description\">\r\n                    Vom Umgang mit Gott und dem N\u00e4chsten \u00a0 2 Rede zu der ganzen Gemeinde der Kinder Israel und sprich zu ihnen: Ihr sollt heilig sein; denn ich, der HERR, euer Gott, bin heilig.32 Vor grauem Haare sollst du aufstehen und die Person eines Greises ehren, und du sollst dich f\u00fcrchten...                <\/div>\r\n                            <div class=\"exad-post-footer\"><a href=\"https:\/\/www.efg-oldesloe.de\/wordpress\/vom-umgang-mit-gott-und-dem-naechsten\/\" target=\"_blank\" class=\"read-more\">Weiterlesen<\/a><\/div>\r\n                                <ul class=\"exad-post-data show-avatar-no\">\r\n                                                <li class=\"exad-post-date\">\r\n                                <span>\r\n                                    Ver\u00f6ffentlicht:                                    <a href=\"https:\/\/www.efg-oldesloe.de\/wordpress\/vom-umgang-mit-gott-und-dem-naechsten\/\" class=\"exad-post-grid-author-date\">7. M\u00e4rz 2025<\/a>\r\n                                <\/span>                          \r\n                            <\/li>\r\n                           \r\n                    <\/ul>\r\n                \r\n        <\/div>\r\n        \t\t\r\n\t\t\t\t\r\n    <\/div>\r\n<\/article>\r\n\r\n<article class=\"exad-post-grid-three exad-col  \">\r\n    <div class=\"exad-post-grid-container image-position-left exad-post-grid-equal-height-\">\r\n                    <figure class=\"exad-post-grid-thumbnail\">\r\n                <a href=\"https:\/\/www.efg-oldesloe.de\/wordpress\/raus-aus-der-schmuddelecke\/\">\r\n                    <img decoding=\"async\" width=\"300\" height=\"212\" src=\"https:\/\/www.efg-oldesloe.de\/wordpress\/wp-content\/uploads\/2025\/03\/jahreslosung-300x212.png\" class=\"attachment-medium size-medium wp-post-image\" alt=\"\" \/>                <\/a>\r\n                \r\n                            <\/figure>\r\n        \t\t\r\n\t\t        <div class=\"exad-post-grid-body\">\r\n            \t\t\t\t\r\n\t\t\t\t\t\t\t\r\n                    <h3>\r\n\t\t\t\t\t\r\n\t\t\t\t\t\t\t\t\r\n                        <a href=\"https:\/\/www.efg-oldesloe.de\/wordpress\/raus-aus-der-schmuddelecke\/\" class=\"exad-post-grid-title\">Raus aus der Schmuddelecke<\/a>\r\n\t\t\t\t\t\t\r\n\t\t\t\t\t\t\r\n                    <\/h3>\r\n\t\t\t\t\t\r\n\t\t\t\t\t\t\t\t\r\n                                <div class=\"exad-post-grid-description\">\r\n                    Raus aus der Schmuddelecke \u00a0 Pr\u00fcft alles und das Gute behaltet! 1. Thessalonicher 5,21 Auf einer Konferenz vor einigen Jahren sagte der Sprecher pl\u00f6tzlich in einem spontanen Eindruck zu meiner Sitznachbarin: \u201eDer HERR l\u00e4sst dir sagen: Du bist eine gute Mutter!\u201c F\u00fcr die Allgemeinheit nicht h\u00f6rbar \u00e4u\u00dferte sie kurz danach...                <\/div>\r\n                            <div class=\"exad-post-footer\"><a href=\"https:\/\/www.efg-oldesloe.de\/wordpress\/raus-aus-der-schmuddelecke\/\" target=\"_blank\" class=\"read-more\">Weiterlesen<\/a><\/div>\r\n                                <ul class=\"exad-post-data show-avatar-no\">\r\n                                                <li class=\"exad-post-date\">\r\n                                <span>\r\n                                    Ver\u00f6ffentlicht:                                    <a href=\"https:\/\/www.efg-oldesloe.de\/wordpress\/raus-aus-der-schmuddelecke\/\" class=\"exad-post-grid-author-date\">1. Januar 2025<\/a>\r\n                                <\/span>                          \r\n                            <\/li>\r\n                           \r\n                    <\/ul>\r\n                \r\n        <\/div>\r\n        \t\t\r\n\t\t\t\t\r\n    <\/div>\r\n<\/article>\r\n\r\n<article class=\"exad-post-grid-three exad-col  \">\r\n    <div class=\"exad-post-grid-container image-position-left exad-post-grid-equal-height-\">\r\n                    <figure class=\"exad-post-grid-thumbnail\">\r\n                <a href=\"https:\/\/www.efg-oldesloe.de\/wordpress\/warten-auf-einen-neuen-himmel-und-eine-neue-erde\/\">\r\n                    <img decoding=\"async\" width=\"300\" height=\"212\" src=\"https:\/\/www.efg-oldesloe.de\/wordpress\/wp-content\/uploads\/2024\/08\/Schaukasten2024-011-300x212.png\" class=\"attachment-medium size-medium wp-post-image\" alt=\"\" \/>                <\/a>\r\n                \r\n                            <\/figure>\r\n        \t\t\r\n\t\t        <div class=\"exad-post-grid-body\">\r\n            \t\t\t\t\r\n\t\t\t\t\t\t\t\r\n                    <h3>\r\n\t\t\t\t\t\r\n\t\t\t\t\t\t\t\t\r\n                        <a href=\"https:\/\/www.efg-oldesloe.de\/wordpress\/warten-auf-einen-neuen-himmel-und-eine-neue-erde\/\" class=\"exad-post-grid-title\">Warten auf einen neuen Himmel<\/a>\r\n\t\t\t\t\t\t\r\n\t\t\t\t\t\t\r\n                    <\/h3>\r\n\t\t\t\t\t\r\n\t\t\t\t\t\t\t\t\r\n                                <div class=\"exad-post-grid-description\">\r\n                    Warten auf einen neuen Himmel Wir warten aber auf einen neuen Himmel und eine neue Erde nach seiner Verhei\u00dfung, in denen Gerechtigkeit wohnt. 2.Petrus 3,13 Es ist November und ich bin dabei, meinen Unterricht f\u00fcr dieses Jahr langsam auslaufen zu lassen. Dabei ist mir aufgefallen, dass die Zeit sehr schnell...                <\/div>\r\n                            <div class=\"exad-post-footer\"><a href=\"https:\/\/www.efg-oldesloe.de\/wordpress\/warten-auf-einen-neuen-himmel-und-eine-neue-erde\/\" target=\"_blank\" class=\"read-more\">Weiterlesen<\/a><\/div>\r\n                                <ul class=\"exad-post-data show-avatar-no\">\r\n                                                <li class=\"exad-post-date\">\r\n                                <span>\r\n                                    Ver\u00f6ffentlicht:                                    <a href=\"https:\/\/www.efg-oldesloe.de\/wordpress\/warten-auf-einen-neuen-himmel-und-eine-neue-erde\/\" class=\"exad-post-grid-author-date\">19. November 2024<\/a>\r\n                                <\/span>                          \r\n                            <\/li>\r\n                           \r\n                    <\/ul>\r\n                \r\n        <\/div>\r\n        \t\t\r\n\t\t\t\t\r\n    <\/div>\r\n<\/article>\r\n\r\n<article class=\"exad-post-grid-three exad-col  \">\r\n    <div class=\"exad-post-grid-container image-position-left exad-post-grid-equal-height-\">\r\n                    <figure class=\"exad-post-grid-thumbnail\">\r\n                <a href=\"https:\/\/www.efg-oldesloe.de\/wordpress\/oktober-2024\/\">\r\n                    <img loading=\"lazy\" decoding=\"async\" width=\"300\" height=\"212\" src=\"https:\/\/www.efg-oldesloe.de\/wordpress\/wp-content\/uploads\/2024\/08\/Schaukasten2024-010-300x212.png\" class=\"attachment-medium size-medium wp-post-image\" alt=\"\" \/>                <\/a>\r\n                \r\n                            <\/figure>\r\n        \t\t\r\n\t\t        <div class=\"exad-post-grid-body\">\r\n            \t\t\t\t\r\n\t\t\t\t\t\t\t\r\n                    <h3>\r\n\t\t\t\t\t\r\n\t\t\t\t\t\t\t\t\r\n                        <a href=\"https:\/\/www.efg-oldesloe.de\/wordpress\/oktober-2024\/\" class=\"exad-post-grid-title\">Wenn ich das Gute vergesse<\/a>\r\n\t\t\t\t\t\t\r\n\t\t\t\t\t\t\r\n                    <\/h3>\r\n\t\t\t\t\t\r\n\t\t\t\t\t\t\t\t\r\n                                <div class=\"exad-post-grid-description\">\r\n                    Wenn ich das Gute vergesse &#8230; Dies will ich mir zu Herzen nehmen, darum will ich hoffen: 22 Es sind die G\u00fctigkeiten des HERRN, da\u00df wir nicht aufgerieben sind; denn seine Erbarmungen sind nicht zu Ende; 23 sie sind alle Morgen neu, deine Treue ist gro\u00df. Klagelieder 3,21-23 Wenn ich...                <\/div>\r\n                            <div class=\"exad-post-footer\"><a href=\"https:\/\/www.efg-oldesloe.de\/wordpress\/oktober-2024\/\" target=\"_blank\" class=\"read-more\">Weiterlesen<\/a><\/div>\r\n                                <ul class=\"exad-post-data show-avatar-no\">\r\n                                                <li class=\"exad-post-date\">\r\n                                <span>\r\n                                    Ver\u00f6ffentlicht:                                    <a href=\"https:\/\/www.efg-oldesloe.de\/wordpress\/oktober-2024\/\" class=\"exad-post-grid-author-date\">20. Oktober 2024<\/a>\r\n                                <\/span>                          \r\n                            <\/li>\r\n                           \r\n                    <\/ul>\r\n                \r\n        <\/div>\r\n        \t\t\r\n\t\t\t\t\r\n    <\/div>\r\n<\/article>\r\n\r\n<article class=\"exad-post-grid-three exad-col  \">\r\n    <div class=\"exad-post-grid-container image-position-left exad-post-grid-equal-height-\">\r\n                    <figure class=\"exad-post-grid-thumbnail\">\r\n                <a href=\"https:\/\/www.efg-oldesloe.de\/wordpress\/was-soll-ich-mit-einem-engel-august-2024\/\">\r\n                    <img loading=\"lazy\" decoding=\"async\" width=\"300\" height=\"212\" src=\"https:\/\/www.efg-oldesloe.de\/wordpress\/wp-content\/uploads\/2024\/08\/Was-soll-ich-mit-einem-Engel-300x212.png\" class=\"attachment-medium size-medium wp-post-image\" alt=\"\" \/>                <\/a>\r\n                \r\n                            <\/figure>\r\n        \t\t\r\n\t\t        <div class=\"exad-post-grid-body\">\r\n            \t\t\t\t\r\n\t\t\t\t\t\t\t\r\n                    <h3>\r\n\t\t\t\t\t\r\n\t\t\t\t\t\t\t\t\r\n                        <a href=\"https:\/\/www.efg-oldesloe.de\/wordpress\/was-soll-ich-mit-einem-engel-august-2024\/\" class=\"exad-post-grid-title\">Was soll ich mit einem Engel<\/a>\r\n\t\t\t\t\t\t\r\n\t\t\t\t\t\t\r\n                    <\/h3>\r\n\t\t\t\t\t\r\n\t\t\t\t\t\t\t\t\r\n                                <div class=\"exad-post-grid-description\">\r\n                    Was soll ich mit einem Engel? Woran soll man denn sonst erkennen, dass wir in deiner Gnade stehen, ich und dein Volk? Doch nur daran, dass du mit uns ziehst und uns dadurch vor allen anderen V\u00f6lkern der Welt auszeichnest, mich und dein Volk! 2. Mose 33,16(Ne\u00dc) Wem stehen wir...                <\/div>\r\n                            <div class=\"exad-post-footer\"><a href=\"https:\/\/www.efg-oldesloe.de\/wordpress\/was-soll-ich-mit-einem-engel-august-2024\/\" target=\"_blank\" class=\"read-more\">Weiterlesen<\/a><\/div>\r\n                                <ul class=\"exad-post-data show-avatar-no\">\r\n                                                <li class=\"exad-post-date\">\r\n                                <span>\r\n                                    Ver\u00f6ffentlicht:                                    <a href=\"https:\/\/www.efg-oldesloe.de\/wordpress\/was-soll-ich-mit-einem-engel-august-2024\/\" class=\"exad-post-grid-author-date\">1. August 2024<\/a>\r\n                                <\/span>                          \r\n                            <\/li>\r\n                           \r\n                    <\/ul>\r\n                \r\n        <\/div>\r\n        \t\t\r\n\t\t\t\t\r\n    <\/div>\r\n<\/article>\r\n\r\n<article class=\"exad-post-grid-three exad-col  \">\r\n    <div class=\"exad-post-grid-container image-position-left exad-post-grid-equal-height-\">\r\n                    <figure class=\"exad-post-grid-thumbnail\">\r\n                <a href=\"https:\/\/www.efg-oldesloe.de\/wordpress\/andacht-dezember-2022-2\/\">\r\n                    <img loading=\"lazy\" decoding=\"async\" width=\"300\" height=\"212\" src=\"https:\/\/www.efg-oldesloe.de\/wordpress\/wp-content\/uploads\/2024\/07\/Im-Gebet-dranbleiben-300x212.png\" class=\"attachment-medium size-medium wp-post-image\" alt=\"\" \/>                <\/a>\r\n                \r\n                            <\/figure>\r\n        \t\t\r\n\t\t        <div class=\"exad-post-grid-body\">\r\n            \t\t\t\t\r\n\t\t\t\t\t\t\t\r\n                    <h3>\r\n\t\t\t\t\t\r\n\t\t\t\t\t\t\t\t\r\n                        <a href=\"https:\/\/www.efg-oldesloe.de\/wordpress\/andacht-dezember-2022-2\/\" class=\"exad-post-grid-title\">Im Gebet dranbleiben<\/a>\r\n\t\t\t\t\t\t\r\n\t\t\t\t\t\t\r\n                    <\/h3>\r\n\t\t\t\t\t\r\n\t\t\t\t\t\t\t\t\r\n                                <div class=\"exad-post-grid-description\">\r\n                    Vermutlich kennst du auch diese Situationen, in denen du f\u00fcr eine Sache im Gebet einstehst und dann aber nichts passieren zu scheint. Wie gehst du in diesen Situationen weiter voran? Gibst du auf oder bleibst du dran? Ich muss gestehen, dass ich viel zu h\u00e4ufig, aufgrund von vermeintlich ausbleibenden Ergebnissen,...                <\/div>\r\n                            <div class=\"exad-post-footer\"><a href=\"https:\/\/www.efg-oldesloe.de\/wordpress\/andacht-dezember-2022-2\/\" target=\"_blank\" class=\"read-more\">Weiterlesen<\/a><\/div>\r\n                                <ul class=\"exad-post-data show-avatar-no\">\r\n                                                <li class=\"exad-post-date\">\r\n                                <span>\r\n                                    Ver\u00f6ffentlicht:                                    <a href=\"https:\/\/www.efg-oldesloe.de\/wordpress\/andacht-dezember-2022-2\/\" class=\"exad-post-grid-author-date\">1. Juli 2024<\/a>\r\n                                <\/span>                          \r\n                            <\/li>\r\n                           \r\n                    <\/ul>\r\n                \r\n        <\/div>\r\n        \t\t\r\n\t\t\t\t\r\n    <\/div>\r\n<\/article>\r\n    \r\n\t\t\t<\/div>\r\n\t\t\t<div class=\"exad-post-grid-load-btn\">\r\n\t\t\t\t\t\t\t\t\t<a class=\"exad-post-grid-paginate-btn\" data-post-type=\"post\" data-posts_per_page=\"6\" data-post-offset=\"0\" data-post-order=\"desc\" data-post-order_by=\"date\" data-post-tag__in=\"\" data-post-thumbnail=\"yes\" data-post-thumb-size=\"medium\" data-equal_height=\"\" data-enable_details_btn=\"yes\" data-details_btn_text=\"Weiterlesen\" data-details_btn_text_tab=\"yes\" data-show-user-avatar=\"no\" data-show_user_name=\"\" data-post_data_position=\"post_data_bottom\" data-show_title=\"yes\" data-show_title_parmalink=\"\" data-title_full=\"\" data-title_tag=\"h3\" data-show_read_time=\"\" data-show_comment=\"\" data-show_excerpt=\"yes\" data-excerpt_length=\"50\" data-show_user_name_tag=\"\" data-user_name_tag=\"\" data-show_date=\"yes\" data-show_date_tag=\"yes\" data-date_tag=\"Ver\u00f6ffentlicht:\" data-title_length=\"10\" data-image_align=\"left\" data-show_category=\"\" data-category_default_position=\"\" data-category_position_over_image=\"\" data-category=\"8\" data-tags=\"\" data-offset=\"0\" data-exclude_post=\"\" href=\"#\" role=\"button\">\r\n\t\t\t\t\t\tWeitere\t\t\t\t\t<\/a>\r\n\t\t\t\t\t\t\t<\/div>\r\n\t\t<\/div>\r\n\r\n\t\t\t\t\t<\/div>\n\t\t\t\t<\/div>\n\t\t\t\t\t<\/div>\n\t\t<\/div>\n\t\t\t\t\t<\/div>\n\t\t<\/section>\n\t\t\t\t<\/div>\n\t\t","protected":false},"excerpt":{"rendered":"<p>Andachten Gott entdecken! Vom Umgang mit Gott und dem N\u00e4chsten Vom Umgang mit Gott und dem N\u00e4chsten \u00a0 2 Rede zu der ganzen Gemeinde der Kinder Israel und sprich zu ihnen: Ihr sollt heilig sein; denn ich, der HERR, euer Gott, bin heilig.32 Vor grauem Haare sollst du aufstehen und die Person eines Greises ehren, [&hellip;]<\/p>\n","protected":false},"author":1,"featured_media":0,"parent":0,"menu_order":0,"comment_status":"closed","ping_status":"closed","template":"","meta":{"ocean_post_layout":"full-screen","ocean_both_sidebars_style":"","ocean_both_sidebars_content_width":0,"ocean_both_sidebars_sidebars_width":0,"ocean_sidebar":"0","ocean_second_sidebar":"0","ocean_disable_margins":"enable","ocean_add_body_class":"","ocean_shortcode_before_top_bar":"","ocean_shortcode_after_top_bar":"","ocean_shortcode_before_header":"","ocean_shortcode_after_header":"","ocean_has_shortcode":"","ocean_shortcode_after_title":"","ocean_shortcode_before_footer_widgets":"","ocean_shortcode_after_footer_widgets":"","ocean_shortcode_before_footer_bottom":"","ocean_shortcode_after_footer_bottom":"","ocean_display_top_bar":"default","ocean_display_header":"default","ocean_header_style":"","ocean_center_header_left_menu":"0","ocean_custom_header_template":"0","ocean_custom_logo":0,"ocean_custom_retina_logo":0,"ocean_custom_logo_max_width":0,"ocean_custom_logo_tablet_max_width":0,"ocean_custom_logo_mobile_max_width":0,"ocean_custom_logo_max_height":0,"ocean_custom_logo_tablet_max_height":0,"ocean_custom_logo_mobile_max_height":0,"ocean_header_custom_menu":"0","ocean_menu_typo_font_family":"0","ocean_menu_typo_font_subset":"","ocean_menu_typo_font_size":0,"ocean_menu_typo_font_size_tablet":0,"ocean_menu_typo_font_size_mobile":0,"ocean_menu_typo_font_size_unit":"px","ocean_menu_typo_font_weight":"","ocean_menu_typo_font_weight_tablet":"","ocean_menu_typo_font_weight_mobile":"","ocean_menu_typo_transform":"","ocean_menu_typo_transform_tablet":"","ocean_menu_typo_transform_mobile":"","ocean_menu_typo_line_height":0,"ocean_menu_typo_line_height_tablet":0,"ocean_menu_typo_line_height_mobile":0,"ocean_menu_typo_line_height_unit":"","ocean_menu_typo_spacing":0,"ocean_menu_typo_spacing_tablet":0,"ocean_menu_typo_spacing_mobile":0,"ocean_menu_typo_spacing_unit":"","ocean_menu_link_color":"","ocean_menu_link_color_hover":"","ocean_menu_link_color_active":"","ocean_menu_link_background":"","ocean_menu_link_hover_background":"","ocean_menu_link_active_background":"","ocean_menu_social_links_bg":"","ocean_menu_social_hover_links_bg":"","ocean_menu_social_links_color":"","ocean_menu_social_hover_links_color":"","ocean_disable_title":"on","ocean_disable_heading":"default","ocean_post_title":"","ocean_post_subheading":"","ocean_post_title_style":"","ocean_post_title_background_color":"","ocean_post_title_background":0,"ocean_post_title_bg_image_position":"","ocean_post_title_bg_image_attachment":"","ocean_post_title_bg_image_repeat":"","ocean_post_title_bg_image_size":"","ocean_post_title_height":0,"ocean_post_title_bg_overlay":0.5,"ocean_post_title_bg_overlay_color":"","ocean_disable_breadcrumbs":"default","ocean_breadcrumbs_color":"","ocean_breadcrumbs_separator_color":"","ocean_breadcrumbs_links_color":"","ocean_breadcrumbs_links_hover_color":"","ocean_display_footer_widgets":"off","ocean_display_footer_bottom":"default","ocean_custom_footer_template":"0","footnotes":""},"class_list":["post-109","page","type-page","status-publish","hentry","entry","has-media"],"_links":{"self":[{"href":"https:\/\/www.efg-oldesloe.de\/wordpress\/wp-json\/wp\/v2\/pages\/109","targetHints":{"allow":["GET"]}}],"collection":[{"href":"https:\/\/www.efg-oldesloe.de\/wordpress\/wp-json\/wp\/v2\/pages"}],"about":[{"href":"https:\/\/www.efg-oldesloe.de\/wordpress\/wp-json\/wp\/v2\/types\/page"}],"author":[{"embeddable":true,"href":"https:\/\/www.efg-oldesloe.de\/wordpress\/wp-json\/wp\/v2\/users\/1"}],"replies":[{"embeddable":true,"href":"https:\/\/www.efg-oldesloe.de\/wordpress\/wp-json\/wp\/v2\/comments?post=109"}],"version-history":[{"count":10,"href":"https:\/\/www.efg-oldesloe.de\/wordpress\/wp-json\/wp\/v2\/pages\/109\/revisions"}],"predecessor-version":[{"id":3831,"href":"https:\/\/www.efg-oldesloe.de\/wordpress\/wp-json\/wp\/v2\/pages\/109\/revisions\/3831"}],"wp:attachment":[{"href":"https:\/\/www.efg-oldesloe.de\/wordpress\/wp-json\/wp\/v2\/media?parent=109"}],"curies":[{"name":"wp","href":"https:\/\/api.w.org\/{rel}","templated":true}]}}